-520?
473
In base 2, what is -10111000011 - 1001111101?
-100001000000
In base 14, what is d09 - 0?
d09
In base 11, what is -8 - -160026?
160019
In base 12, what is 2 - 4289?
-4287
In base 12, what is 1038b - 8?
10383
In base 11, what is 606a + -5?
6065
In base 13, what is -5698b + -2?
-56990
In base 12, what is -b3 - 2a5?
-398
In base 3, what is 21201021010 + -202?
21201020101
In base 11, what is 0 + 117771?
117771
In base 5, what is -120432043 + -13?
-120432111
In base 5, what is 203300231 - -3?
203300234
In base 4, what is 220 - -111302?
112122
In base 14, what is 2a2 - -170?
432
In base 6, what is 35444 + 254?
40142
In base 15, what is -4 + -112e2?
-112e6
In base 11, what is 26 - 63291?
-63266
In base 2, what is -100101010001111000 - 101?
-100101010001111101
In base 9, what is 776 - 118?
657
In base 4, what is -13331 - -10031?
-3300
In base 8, what is -10233 - -4?
-10227
In base 16, what is 1 - -62516?
62517
In base 3, what is 21022201 - -22000?
21121201
In base 10, what is -8940 - 20?
-8960
In base 12, what is -3 - 45211?
-45214
In base 10, what is 3 + 1725?
1728
In base 2, what is 101 + 11100010011001?
11100010011110
In base 4, what is 122 + 20321221?
20322003
In base 6, what is 3 - 101320123?
-101320120
In base 4, what is 3303 - -1133?
11102
In base 6, what is -1401 - 330?
-2131
In base 5, what is -3410 - 2132?
-11042
In base 16, what is 4072cf - -2?
4072d1
In base 16, what is -e95ee - -4?
-e95ea
In base 4, what is 1 + 11201322?
11201323
In base 3, what is 2000201 + -2000?
1221201
In base 12, what is -250034 + -5?
-250039
In base 16, what is -12792d - -1?
-12792c
In base 4, what is 1321300 - -3?
1321303
In base 14, what is 2a47 - 204?
2843
In base 13, what is -2b942 + -4?
-2b946
In base 4, what is -10110 - 103?
-10213
In base 12, what is -1098 - -4?
-1094
In base 7, what is 6122 - 3155?
2634
In base 4, what is -101 - 130?
-231
In base 13, what is 87700 + 13?
87713
In base 9, what is 1248 + -66?
1172
In base 8, what is -46 - -40430?
40362
In base 16, what is -3027c - -3?
-30279
In base 6, what is -3 - -140500?
140453
In base 10, what is -41 + 7358?
7317
In base 8, what is -65 + 12432?
12345
In base 5, what is -14 - -120?
101
In base 10, what is 2 - 76692?
-76690
In base 2, what is 101001001011011 - -1000111?
101001010100010
In base 3, what is -110211201 + -1120?
-110220021
In base 7, what is -5 - -313116?
313111
In base 16, what is -13 - 355f?
-3572
In base 15, what is -4 - -1404a5?
1404a1
In base 7, what is 1 - 60164?
-60163
In base 6, what is -5443 + -410?
-10253
In base 10, what is 76 + -658?
-582
In base 15, what is 638a4 - 15?
6388e
In base 6, what is 5 - 212224?
-212215
In base 2, what is -110001000100110 + 11?
-110001000100011
In base 15, what is -242d - -18?
-2415
In base 16, what is -20 + f95c?
f93c
In base 3, what is 1002110200220 + -12?
1002110200201
In base 14, what is -22471 + 5?
-2246a
In base 15, what is -2 - 24279?
-2427b
In base 6, what is 0 - 21021?
-21021
In base 13, what is 1797c + 16?
17995
In base 16, what is 1 + afe4?
afe5
In base 3, what is -21120010 + 201?
-21112102
In base 3, what is -110 - -1100222010?
1100221200
In base 6, what is -13 + -1255532?
-1255545
In base 11, what is -5 + 349362?
349358
In base 6, what is 1122 + 334?
1500
In base 11, what is 16 - -23809?
23824
In base 16, what is -c + -927c?
-9288
In base 12, what is 6 + -66264?
-6625a
In base 9, what is 72248 + 4?
72253
In base 6, what is 14 - -34003?
34021
In base 9, what is -22 + -705?
-727
In base 15, what is 6 - -715a?
7161
In base 16, what is 3 + -ecb?
-ec8
In base 6, what is -12 + 153221?
153205
In base 6, what is -420 + 155500?
155040
In base 10, what is 32 - 18?
14
In base 5, what is -1 - 13331313?
-13331314
In base 6, what is 51540 - 15?
51521
In base 6, what is 1152502 - 40?
1152422
In base 13, what is -1 - 883c5?
-883c6
In base 12, what is -13687b - -3?
-136878
In base 14, what is -c19219 - -1?
-c19218
In base 14, what is -7b28 - 1b?
-7b45
In base 2, what is -10001011110001110 + -101?
-10001011110010011
In base 11, what is -67659 + 4?
-67655
In base 14, what is -87534 + 3?
-87531
In base 15, what is 351a - d?
350c
In base 14, what is -d - -110c?
10dd
In base 9, what is -646 - 1113?
-1760
In base 5, what is -30210132 + 10?
-30210122
In base 10, what is 40928 - -3?
40931
In base 3, what is 12 + 111012102?
111012121
In base 3, what is 102021 - 2021?
100000
In base 10, what is -1 - 529744?
-529745
In base 12, what is -9096 - 3?
-9099
In base 2, what is -100110110011010 - 110011?
-100110111001101
In base 14, what is 1 - 479?
-478
In base 10, what is -9381 + 5?
-9376
In base 2, what is 10001000100 - -100000?
10001100100
In base 15, what is -6ec695 - 0?
-6ec695
In base 11, what is -4 + -8210?
-8214
In base 12, what is b - 9485?
-9476
In base 8, what is 351 + -4301?
-3730
In base 14, what is 59 + -912?
-897
In base 16, what is -18607 - 4?
-1860b
In base 13, what is -2 - 87b5?
-87b7
In base 13, what is -3 - 282a?
-2830
In base 13, what is -1214b7 + 3?
-1214b4
In base 14, what is -5 + 1d09?
1d04
In base 13, what is -a8 - -144?
69
In base 9, what is 0 - 8436?
-8436
In base 14, what is 102 + -b58?
-a56
In base 5, what is 214333 - -114?
220002
In base 5, what is -13443040 + -1?
-13443041
In base 8, what is -777 + 12633?
11634
In base 10, what is 0 - 137693?
-137693
In base 12, what is -4 + 16b52?
16b4a
In base 16, what is -30c - 69?
-375
In base 15, what is -75 + 62?
-13
In base 13, what is -347 - ab?
-425
In base 7, what is 44244 + 1?
44245
In base 8, what is -5 - -473271?
473264
In base 4, what is -1 - 3101312?
-3101313
In base 11, what is -65a7a + 3?
-65a77
In base 11, what is 126a6 + 12?
12708
In base 6, what is 441 + -10113?
-5232
In base 12, what is 2a5ab - 19?
2a592
In base 12, what is -5b3 + 5?
-5aa
In base 2, what is 100000001101011110 + -10?
100000001101011100
In base 7, what is 100303 + 0?
100303
In base 14, what is 359a + 42?
35dc
In base 7, what is 215 - 4323?
-4105
In base 7, what is -22 + -42330?
-42352
In base 3, what is 12 - -1201200200202?
1201200200221
In base 14, what is -15228 + 8?
-15220
In base 2, what is 11 - -110101111100?
110101111111
In base 10, what is -262906 - -4?
-262902
In base 13, what is -5 - 9901?
-9906
In base 7, what is -245 + 1340?
1062
In base 9, what is 2082047 + 1?
2082048
In base 15, what is 1a1 + -b17?
-966
In base 13, what is -8769 - -1?
-8768
In base 16, what is -302 + -af2?
-df4
In base 8, what is -153 - -260?
105
In base 4, what is 113322 - 1013103?
-233121
In base 5, what is 10 - 313314?
-313304
In base 8, what is -4671122 + 5?
-4671115
In base 10, what is -3 + -225827?
-225830
In base 10, what is 13 - 704?
-691
In base 5, what is 4041233 - 1?
4041232
In base 8, what is 2150524 + 1?
2150525
In base 8, what is 201037 + -10?
201027
In base 9, what is -226603 + -10?
-226613
In base 15, what is 578 - 40?
538
In base 8, what is 13 + -56577?
-56564
In base 14, what is 2 - 52b4b?
-52b49
In base 8, what is 562145 + 41?
562206
In base 13, what is -2 + -12c444?
-12c446
In base 14, what is -52 - 71?
-c3
In base 4, what is 22 - 330120?
-330032
In base 9, what is -24816 + -64?
-24881
In base 14, what is -1c4 - 3132?
-3316
In base 15, what is a9c993 - -1?
a9c994
In base 4, what is -130 + -10211001?
-10211131
In base 5, what is 1 + -1241414?
-1241413
In base 11, what is 1837013 - -2?
1837015
In base 8, what is 6514454 - -1?
6514455
In base 10, what is 4 + -23476?
-23472
In base 8, what is 2 - 23603?
-23601
In base 4, what is 1 - -33?
100
In base 8, what is -7173 + -41?
-7234
In base 12, what is -8332 + 2?
-8330
In base 3, what is -111000 + 1221001?
1110001
In base 11, what is -104 - -105?
1
In base 15, what is 5 + -3b58?
-3b53
In base 6, what is -1005 - -415?
-150
In base 2, what is -11110101011000 + 1111?
-11110101001001
In base 5, what is -11344022 + -3?
-11344030
In base 12, what is -50 + 691?
641
In base 2, what is 100100001010010010 - -10?
100100001010010100
In base 6, what is -4 + -5031144?
-5031152
In base 4, what is 1032 - -1010?
2102
In base 8, what is 1044160 + 0?
1044160
In base 15, what is -197 - 109?
-2a1
In base 3, what is 20 + -1011010011?
-1011002221
In base 15, what is 13244 + 5?
13249
In base 9, what is -4 + -81182?
-81186
In base 5, what is 11 - -41133441?
41134002
In base 6, what is -530032 + 4?
-